at is the highest common factor of 179260 and 30?
10
Calculate the highest common divisor of 150 and 34530.
30
Calculate the greatest common factor of 127 and 180721.
127
Calculate the highest common factor of 1316997 and 33.
33
What is the highest common divisor of 3277712 and 16?
16
Calculate the highest common factor of 30121 and 182.
91
Calculate the highest common factor of 4014 and 864794.
446
What is the greatest common factor of 32951 and 332?
83
What is the greatest common divisor of 7232 and 832?
64
What is the highest common factor of 159702 and 258?
258
Calculate the highest common divisor of 3780800 and 400.
400
What is the greatest common factor of 93968 and 7504?
112
What is the highest common divisor of 436 and 1958839?
109
Calculate the greatest common factor of 110 and 59114.
22
Calculate the highest common divisor of 1698 and 176.
2
What is the highest common factor of 3966 and 186?
6
Calculate the greatest common divisor of 90 and 100404.
18
What is the greatest common divisor of 147 and 846916?
49
What is the highest common divisor of 105186 and 1410?
282
What is the highest common divisor of 1057 and 4077?
151
Calculate the highest common divisor of 26 and 225914.
26
Calculate the greatest common factor of 315727 and 157.
157
Calculate the greatest common divisor of 110619 and 34.
17
Calculate the highest common divisor of 140 and 1207990.
70
Calculate the highest common divisor of 29368 and 196.
4
What is the greatest common divisor of 114694 and 2?
2
Calculate the greatest common factor of 2208 and 318688.
736
What is the greatest common factor of 4335 and 150?
15
What is the highest common factor of 911489 and 17?
17
What is the greatest common divisor of 1859 and 377?
13
Calculate the greatest common factor of 171918 and 126.
18
What is the greatest common factor of 201024 and 1440?
288
What is the highest common factor of 15440 and 4439?
193
What is the greatest common divisor of 12 and 65832?
12
What is the greatest common factor of 3388 and 5852?
308
Calculate the greatest common divisor of 6 and 93504.
6
Calculate the highest common factor of 282 and 1442806.
94
Calculate the greatest common factor of 9185 and 11.
11
Calculate the greatest common factor of 156 and 23724.
12
Calculate the greatest common factor of 638 and 11088.
22
Calculate the highest common factor of 66384 and 144.
144
Calculate the highest common factor of 2408350 and 50.
50
What is the greatest common factor of 365233 and 11?
11
Calculate the greatest common factor of 1680 and 14980.
140
What is the highest common factor of 84 and 2666388?
12
What is the highest common factor of 155147 and 1081?
47
What is the greatest common divisor of 1100 and 10200?
100
Calculate the greatest common divisor of 37544 and 221.
13
What is the highest common factor of 275 and 106040?
55
Calculate the highest common divisor of 378 and 86778.
54
Calculate the greatest common divisor of 4708 and 44.
44
What is the highest common divisor of 588 and 3416?
28
Calculate the highest common factor of 41 and 150593.
41
What is the greatest common factor of 3771 and 3231?
9
Calculate the greatest common factor of 323 and 5950.
17
What is the greatest common divisor of 328218 and 44?
22
Calculate the highest common divisor of 7155 and 3074.
53
Calculate the greatest common divisor of 13775 and 493.
29
Calculate the highest common factor of 1155 and 28710.
165
What is the greatest common factor of 97724 and 44?
44
What is the greatest common divisor of 29682 and 10098?
306
What is the greatest common factor of 22958 and 13?
13
Calculate the highest common divisor of 2360 and 16933.
59
Calculate the greatest common divisor of 6342 and 182.
14
Calculate the highest common factor of 7980 and 32452.
532
Calculate the highest common divisor of 199979 and 26.
13
What is the highest common divisor of 143 and 2873?
13
What is the greatest common factor of 846 and 1863738?
846
What is the highest common divisor of 3084 and 304545?
771
What is the highest common factor of 2163 and 21939?
309
Calculate the greatest common divisor of 135744 and 112.
112
What is the greatest common factor of 1378 and 7526?
106
What is the greatest common divisor of 8944 and 208?
208
Calculate the greatest common factor of 56 and 113128.
8
What is the greatest common divisor of 20928 and 3112?
8
Calculate the greatest common divisor of 601 and 1.
1
What is the greatest common factor of 184888 and 32?
8
Calculate the highest common factor of 58 and 120466.
58
Calculate the greatest common factor of 844 and 4407157.
211
Calculate the greatest common factor of 49611 and 115.
23
Calculate the highest common factor of 1751 and 8449.
17
What is the highest common factor of 83880 and 4280?
40
What is the greatest common factor of 8213 and 86?
43
Calculate the highest common divisor of 25323 and 276.
69
What is the greatest common divisor of 135 and 2190?
15
Calculate the greatest common factor of 70 and 299740.
70
Calculate the greatest common factor of 26 and 4706403.
13
Calculate the greatest common factor of 92900 and 200.
100
Calculate the highest common divisor of 1145 and 520.
5
Calculate the greatest common factor of 449334 and 6594.
942
Calculate the greatest common divisor of 4158 and 13497.
33
Calculate the greatest common factor of 885 and 123015.
885
What is the highest common factor of 336 and 1648?
16
What is the highest common divisor of 2 and 8158?
2
Calculate the greatest common divisor of 6160 and 7056.
112
What is the greatest common factor of 82222 and 392?
98
What is the greatest common divisor of 76760 and 10?
10
Calculate the highest common divisor of 315 and 4032.
63
Calculate the greatest common factor of 1760 and 12480.
160
Calculate the highest common divisor of 11139 and 16827.
237
Calculate the greatest common factor of 30268 and 124315.
1081
What is the greatest common factor of 448573 and 739?
739
What is the greatest common factor of 136 and 246160?
136
What is the greatest common divisor of 12958 and 10736?
22
What is the greatest common divisor of 23760 and 130350?
330
Calculate the greatest common factor of 14729 and 143.
143
What is the highest common divisor of 140 and 71260?
140
What is the greatest common factor of 68388 and 779?
41
What is the greatest common divisor of 3885 and 210?
105
Calculate the greatest common factor of 84 and 94560.
12
Calculate the highest common divisor of 600 and 19104.
24
What is the greatest common divisor of 43 and 102469?
43
What is the greatest common divisor of 7203 and 1134?
21
Calculate the greatest common divisor of 67 and 675.
1
Calculate the highest common factor of 49849 and 316.
79
Calculate the highest common factor of 278 and 396706.
278
What is the greatest common divisor of 2542 and 2296?
82
Calculate the greatest common divisor of 236 and 220837.
59
Calculate the highest common factor of 24 and 755052.
12
Calculate the greatest common divisor of 776280 and 2400.
120
Calculate the greatest common factor of 11 and 41041.
11
Calculate the greatest common factor of 32623 and 62339.
323
Calculate the highest common factor of 30825 and 10.
5
Calculate the highest common divisor of 21161 and 203.
7
What is the highest common factor of 146003 and 26?
13
Calculate the greatest common divisor of 98 and 1822954.
14
Calculate the highest common factor of 147 and 6713.
49
Calculate the highest common divisor of 56 and 10297.
7
Calculate the highest common divisor of 445391 and 590.
59
Calculate the greatest common divisor of 212905 and 165.
55
What is the greatest common factor of 19760 and 10?
10
Calculate the highest common factor of 180 and 52254.
18
What is the highest common divisor of 246 and 251863?
41
What is the highest common divisor of 150302 and 49202?
674
What is the highest common divisor of 6732176 and 2638?
2638
What is the greatest common factor of 602528 and 3952?
304
Calculate the highest common factor of 3591 and 12852.
189
What is the highest common factor of 35600 and 2900?
100
What is the greatest common divisor of 137198 and 9096?
758
What is the highest common divisor of 150 and 34150?
50
Calculate the greatest common factor of 102628 and 3.
1
Calculate the highest common factor of 2376 and 6237.
297
Calculate